- 6*z**2 + 4*z - 1. Let p(g) = 7*g**3 - 13*g**2 + 8*g - 2. Let j(u) = -5*i(u) + 2*p(u). Let b = -501 + 504. What is j(b)?
-2
Let z(w) = 44*w**2 + 44*w**2 - 89*w**2 + 7*w + 76 - 78. Let u(a) = -6*a. Let y be u(-1). Give z(y).
4
Suppose -29 = -2*q - 5. Let m(y) = -y + 1 - q*y**2 + 7*y**2 - 12*y**2. Let o(a) = -6*a**3 - 38*a**2 - 12*a + 1. Let f be o(-6). Calculate m(f).
-17
Let w(q) = -5*q**3 - 8*q**2 + 14*q + 13. Let x(p) = -22*p**3 - 31*p**2 + 57*p + 51. Let b(c) = 9*w(c) - 2*x(c). Give b(-11).
4
Let a = 123 + -121. Suppose a*t + 3*t - 5 = 0. Let i(j) = -1 - 3*j + 2*j - 7*j. Determine i(t).
-9
Let t(v) = -3*v**3 + 1. Let a(d) = 117*d + 587. Let c be a(-5). Give t(c).
-23
Suppose -3*s + 0*z = 2*z - 169, s = -2*z + 59. Let b(w) = s*w - 53*w + 5 + 1. Determine b(-5).
-4
Let q(z) = 14*z - 3 - 4*z - 3*z. What is q(3)?
18
Let j(x) = 8 - 19 + 12*x - 5*x + x**2. What is j(-8)?
-3
Let t(h) = 2 - h - 34*h**3 + h**2 + h + 35*h**3. Determine t(0).
2
Let z(l) = 2*l**3 - l**2 + 2. Let f(b) = 11*b**3 - 9*b**2 - 14*b + 25. Let h(n) = -f(n) + 5*z(n). Calculate h(6).
-3
Suppose a + 15 = -4*j, 0*a = -3*j + 3*a. Let g(q) be the first derivative of q**4/4 + 4*q**3/3 + 3*q**2/2 + 3*q + 55. Give g(j).
3
Let h = -21 - -31. Let f(z) = 9*z - h*z + 2 - 5. Give f(-3).
0
Let o be 8/(-20) - (42/10)/(-3). Let q(g) = 24*g**3 + g. Calculate q(o).
25
Let d(g) be the first derivative of -g**2/2 - 2*g - 62. Give d(3).
-5
Let o(n) be the first derivative of 2*n**3/3 - n**2 - n + 21. Let f(r) = 2*r. Let j(y) = -y**2 + 4*y - 2. Let x be j(3). Let l be f(x). Give o(l).
3
Let r(g) be the third derivative of 7*g**6/120 + g**5/30 - g**4/24 + 2*g**2. Suppose -19*s = -6*s - 78. Suppose -12*x + 6 = -s*x. Give r(x).
8
Let o = -93 - -66. Let i(a) = -2*a**2 + 16*a + 6. Let h be i(7). Let r = h + o. Let g(q) = q**3 + 6*q**2 - 5*q + 8. What is g(r)?
-6
Let z(v) = v**3 + 7*v**2 + 5*v - 8. Suppose 8*m - 85 = 27. Let g = 8 - m. What is z(g)?
-2
Let d(u) be the third derivative of u**5/60 + 3*u**4/8 - 3*u**3 - 5*u**2 + 1. What is d(-10)?
-8
Let a be 8/6 + 7 + (-76)/12. Let x(n) = 0*n**2 - 2*n**a + 5 - 2 - n**3 + 7*n**2. Calculate x(5).
3
Let v(x) be the second derivative of -5*x**4/4 - x**3/3 - x**2/2 - 2*x - 13. What is v(-1)?
-14
Let j be 9/12 - ((-33)/(-36))/11. Let i(r) be the third derivative of 0*r + 1/120*r**6 - 1/15*r**5 + 1/12*r**4 + 2*r**2 + 0 + j*r**3. Determine i(4).
12
Suppose 222*g = 216*g - 18. Let v(x) = x + 7. Let j(y) = y + 8. Let s(i) = -5*j(i) + 6*v(i). What is s(g)?
-1
Let d(f) be the third derivative of f**5/60 + f**4/24 + 7*f**2. Give d(1).
2
Suppose 0 = 3*h - 4*h + 4*n, 0 = 2*h + n. Suppose h = -5*z + 3*d + 27, z + 1 = 2*d + 5. Let w(y) = -4*y - 7*y**2 + 6*y - 3 + z*y - 3*y + y**3. Determine w(6).
-9
Let i(w) = 3*w - 17. Let h(s) = -2*s - 5. Let k be h(-5). Let a(l) = -l + 8. Let d(c) = k*a(c) + 2*i(c). Let v be d(0). Let b(x) = x**2 - 7*x - 3. Give b(v).
-9
Let f(i) = i**3 - 3*i**2 - 8*i - 7. Let c(o) = -5*o + 120. Let x be c(23). Determine f(x).
3
Suppose 47*v = 49*v + 20. Let f be -11 + (-3)/(6/v). Let d(w) = w + 1. Give d(f).
-5
Let y(x) be the first derivative of x**3/3 - 7*x**2/2 + 14*x - 282. Give y(4).
2
Let n(m) = -m**3 - 15*m**2 - 50*m - 3. Let i be n(-10). Let w(v) = -v**3 - 2*v**2 + v - 7. What is w(i)?
-1
Suppose i + q = -1 - 4, -q = 4. Let t(m) be the second derivative of -21*m**5/20 - m**2/2 - 3*m + 12. Give t(i).
20
Let w(o) = -40*o**3 + o**2 - o - 1. Let k = 391 - 392. Determine w(k).
41
Let l(k) = -k**3 + 12*k**2 - 11*k. Let a be l(11). Suppose t + 0*j - 4*j = 21, -2*j = -t + 11. Let i(x) = -3*x - 2*x + 6*x - t + x**2. Calculate i(a).
-1
Let l(z) = -z**2 + 11*z + 12. Let t = -110 + 122. Calculate l(t).
0
Let t(s) = -s + 4. Let q(r) = -87*r + 353. Let a be q(4). Give t(a).
-1
Let m(c) = 4*c**2 - 6*c + 6. Let s(b) = -4*b**2 + 5*b - 5. Let w(l) = 5*m(l) + 6*s(l). Let h(u) = -46*u + 45. Let x be h(1). Determine w(x).
-4
Let o(j) = j - 2. Let d be o(0). Let p be 6/(-18) + (-10)/(-3). Let f(u) = -u**p - 13 - 11*u**2 - 2*u + 10*u**2 + 14. Calculate f(d).
9
Let a be ((-3)/6 + -2)/(35/(-28)). Let t(z) = -7*z**3 + 2*z**2 + 2*z - 1. Determine t(a).
-45
Suppose -2*l + 4*m + 24 = m, -m + 2 = l. Suppose -2*c - 2 = 2*r, -4*c + 3*c - l = 2*r. Let d(k) = -4 + c*k + k - 2*k. Give d(-3).
-13
Let r(v) be the third derivative of -v**6/120 - v**4/24 + v**3/6 + v**2. Let p(t) = -t**3 + 6*t**2 + 1352*t - 1351*t - 7 + 2*t**2. Let z be p(8). What is r(z)?
-1
Let h(j) = j**3 + 5*j**2 - 16*j - 10. Let b be (6/(-9))/((50/(-105))/(-5)). Give h(b).
4
Let g(v) = -v**3 - 11*v**2 - 3*v - 32. Let p be g(-11). Let m(y) be the second derivative of 5*y**3/3 - y**2/2 - y. What is m(p)?
9
Suppose -k + 5 = -0*k - 4*p, -3*p - 15 = -3*k. Let z(w) = 118*w**2 - 117*w**2 + 2 + k - 6*w. What is z(6)?
7
Let v(k) be the third derivative of -1/20*k**5 + 0*k + 0*k**4 + 0 - 14*k**2 + 1/6*k**3. What is v(2)?
-11
Let a(d) = d + 6. Let v(j) = 5*j + 35. Let x(i) = 11*a(i) - 2*v(i). Determine x(8).
4
Suppose 0 = -2*z + 5*h + 2, 9*h - 3 = -3*z + 4*h. Suppose -2*a = -z - 7. Let p = -1 - a. Let q(r) = -r**2 - 5*r. Determine q(p).
0
Let c(n) = n**2 - 7*n + 3. Let d(m) = -2*m**2 + 14*m - 6. Let a(j) = -13*c(j) - 6*d(j). What is a(3)?
9
Let j(p) = p**3 + 7*p**2 - 8*p - 1. Let t be j(-8). Let h(o) be the second derivative of -1/2*o**2 - 10*o + 0*o**3 + 0 - 1/4*o**4. Calculate h(t).
-4
Let m(n) = n**2 + 7*n + 3. Let s be m(-6). Let v be s + (9 - 0) - 2. Suppose 1 = 4*i + y, -2 = -v*y + 2. Let t(r) = r**3 + r. Determine t(i).
0
Let r(g) = g - 1. Suppose 16 = 2*f - 6*f, 2*k = 3*f + 16. Give r(k).
1
Let a(l) = l**2 - 5*l - 23. Suppose 0 = 4*r - s - 33, -2*s = -2*r - 11 + 29. Calculate a(r).
1
Suppose 3*s - 55 + 67 = 0. Let a(f) = -2*f**3 - 8*f**2 - 3*f - 4. Give a(s).
8
Let b(i) = i**2 - 5*i - 3. Suppose 5*j + 5*p = 24 + 21, -4*p = 3*j - 31. Calculate b(j).
-3
Let g(q) = 15*q**2 - 2*q - 27. Let y(w) = 7*w**2 - w - 14. Let v(x) = 3*g(x) - 5*y(x). Let i(s) be the first derivative of v(s). Give i(-1).
-21
Let l(o) = -4*o - 20. Let f(s) = 3*s + 15. Let j(w) = -5*f(w) - 4*l(w). What is j(3)?
8
Suppose 0 = x + 2*s - 36, 3*x - x - s - 57 = 0. Suppose j + 11 = 4*n, 0 = 4*j + j + 5*n + x. Let g(r) = -r**2 - 9*r. Give g(j).
14
Let l(i) = -13*i + 48. Let z(p) = -15*p + 49. Let c(h) = -9*l(h) + 8*z(h). Determine c(-11).
-7
Let x(t) be the first derivative of 0*t**2 - 4*t + 1/3*t**3 - 2. Let m = 0 - 3. Determine x(m).
5
Let z(g) = 8*g + 3. Let q(t) = 14*t + 4. Let p(w) = -5*q(w) + 8*z(w). What is p(3)?
-14
Let x(y) = -5*y + 2. Suppose 1 - 3 = -2*i. What is x(i)?
-3
Suppose -48 + 46 = f. Let t(n) = 2*n**2 - 3*n + 6 + n - 4 + n. Give t(f).
12
Let m(r) = -r**2 + 2*r + 5. Let n(a) = a**3 + a. Let q be n(2). Suppose -3 = 4*z - 5*x - 48, 3*z + 5*x + q = 0. Calculate m(z).
-10
Let q(p) = -5*p**3 - 7*p**2 + 5*p - 3. Let w(k) = -8*k**3 - 14*k**2 + 9*k - 7. Let h(u) = -5*q(u) + 3*w(u). Determine h(7).
8
Let f be (-6)/((-1)/1) - -1. Let r(a) = 2*a**2 - 118*a + 110*a - 8*a**2 + 7 - a**3 + 2*a**3. What is r(f)?
0
Let s(o) = -3*o**2 + 13*o - 11. Let m(n) = -7*n**2 + 27*n - 22. Let d(v) = -2*m(v) + 5*s(v). Suppose 50*l - 32 = 46*l. Give d(l).
13
Suppose d - 3*d = 2. Let k(u) = -23*u**3 + 11*u**2 - 3*u + 17. Let r(s) = 8*s**3 - 4*s**2 + s - 6. Let h(c) = 6*k(c) + 17*r(c). Calculate h(d).
1
Let f = 6 + -4. Let d(h) = -4*h**2 + 5*h + 7. Let x(j) = 4*j**2 - 7*j - 9. Let w(m) = -4*d(m) - 3*x(m). What is w(f)?
17
Let t(n) = 3*n**2 - 3*n - 1. Let p(o) = -10*o**2 + 8*o + 2. Let i(h) = -2*p(h) - 7*t(h). Let l be (-1)/1 - (-2 - 2). Suppose l*c = 16 + 2. Determine i(c).
-3
Let n be ((-3)/6 - 4)*-2. Let g(r) = 1 - n*r + 9*r**2 - 8*r**2 + 5. Give g(7).
-8
Let p(f) = 7*f + 6. Let u be p(-2). Let y(b) = b**3 + 10*b**2 + 18*b + 10. Determine y(u).
-6
Let a(w) = 4 - w**3 + w**2 + 0*w**2 - 16 - 21*w + 23*w + 4. Calculate a(0).
-8
Let n(m) = -m**2 - m - 2. Let i(p) = -p. Let f(z) = 1. Let x(w) = f(w) - 3*i(w). Let u be x(-2). Let q(g) = -g**2 - 4*g + 5. Let a be q(u). Give n(a).
-2
Let m(z) = -11*z**3 - 4*z**2 - 6*z - 1. Let n(b) = -b**2 - b. Let l(f) = -m(f) + 4*n(f). Suppose 0 = -3*v + 2*a - 9, -3*v = v - 5*a + 19. What is l(v)?
-12
Suppose 0 = 5*s - 21 - 29. Let b = -8 + s. Let t(q) = 3*q**2 - 6 + 5 - 4*q**b + q. What is t(1)?
-1
Let z(g) be the second derivati